{"id":1230,"date":"2024-08-11T16:53:26","date_gmt":"2024-08-11T14:53:26","guid":{"rendered":"https:\/\/steamescape.fr\/clermont\/?page_id=1230"},"modified":"2025-03-12T17:33:36","modified_gmt":"2025-03-12T16:33:36","slug":"salem","status":"publish","type":"page","link":"https:\/\/steamescape.fr\/clermont\/index.php\/salem\/","title":{"rendered":"La Relique de Salem"},"content":{"rendered":"<p>[vc_row full_width=&#8221;stretch_row&#8221; css_animation=&#8221;fadeIn&#8221; fullwidth=&#8221;yes&#8221; css=&#8221;.vc_custom_1723385185637{background-color: rgba(255,255,255,0.79) !important;*background-color: rgb(255,255,255) !important;}&#8221;][vc_column width=&#8221;1\/3&#8243;][vc_empty_space][vc_custom_heading text=&#8221;GALERIE&#8221; font_container=&#8221;tag:h3|text_align:center|color:%23fdb713&#8243; use_theme_fonts=&#8221;yes&#8221;]<div class=\"infobox text-center \">\n\t\t\t\t<div class=\"icon_bg\" style=\"background-color:rgba(255,255,255,0.01)\">\n\t\t\t\t\t<i style=\"color:#fdb713;\" class=\"pe-7s-users pe-4x\"><\/i>\n\t\t\t\t<\/div>\n\t\t\t\t<h3 style=\"color:#2b2e34;\">JOUEURS<\/h3>\n\t\t\t\t<p style=\"color:#282828;\">2 \u00e0 6<\/p>\n\t\t\t  <\/div>[\/vc_column][vc_column width=&#8221;1\/3&#8243;][vc_empty_space][vc_custom_heading text=&#8221;VOTRE MISSION&#8221; font_container=&#8221;tag:h3|text_align:center|color:%23fdb713&#8243; use_theme_fonts=&#8221;yes&#8221;][vc_column_text]<\/p>\n<p style=\"text-align: center;\"><strong>Un artefact magique est sur le point d\u2019\u00eatre d\u00e9rob\u00e9 par nos concurrents mal\u00e9fiques ! Votre \u00e9quipe doit intervenir rapidement pour emp\u00eacher ce d\u00e9sastre !<\/strong><\/p>\n<p style=\"text-align: center;\">Nous vous envoyons en 1696, dans le sombre village de Salem, o\u00f9 une vieille femme au comportement \u00e9trange pourrait bien d\u00e9tenir le Cr\u00e2ne de la derni\u00e8re sorci\u00e8re de Salem, un artefact charg\u00e9 de magie ancienne. Nos informateurs indiquent qu\u2019Had\u00e8s Corp est \u00e9galement sur sa piste, pr\u00eats \u00e0 s\u2019emparer de cet objet pour ses propres desseins.<\/p>\n<p style=\"text-align: center;\">Votre mission : retrouver le cr\u00e2ne avant que les agents de la Had\u00e8s Corp ne le fassent. Cette sombre demeure \u00e0 Salem est remplie de myst\u00e8res et de secrets, et vous n\u2019aurez que 60 minutes pour trouver le Cr\u00e2ne et revenir en envie !<\/p>\n<p style=\"text-align: center;\">Ce d\u00e9fi ne comporte rien d\u2019effrayant, mais l\u2019atmosph\u00e8re sera pleine de myst\u00e8res !<\/p>\n<p style=\"text-align: center;\">Mission accessible d\u00e8s 7 ans.<br \/>\n[ \u2013 de 16 ans obligatoirement accompagn\u00e9s d\u2019au moins 1 adulte responsable]<\/p>\n<p>[\/vc_column_text][vc_empty_space height=&#8221;20px&#8221;][\/vc_column][vc_column width=&#8221;1\/3&#8243;][vc_empty_space]<div class=\"infobox text-center \">\n\t\t\t\t<div class=\"icon\">\n\t\t\t\t\t<i style=\"color:#fdb713;\" class=\"pe-7s-gym pe-4x\"><\/i>\n\t\t\t\t<\/div>\n\t\t\t\t<h4 style=\"color:#6b6b6b;\">DIFFICULT\u00c9<\/h4>\n\t\t\t\t<p style=\"color:#0a0a0a;\">Familiale<\/p>\n\t\t\t  <\/div><div class=\"infobox text-center \">\n\t\t\t\t<div class=\"icon\">\n\t\t\t\t\t<i style=\"color:#fdb713;\" class=\"feather icon-percent pe-4x\"><\/i>\n\t\t\t\t<\/div>\n\t\t\t\t<h4 style=\"color:#6b6b6b;\">REUSSITE<\/h4>\n\t\t\t\t<p style=\"color:#0a0a0a;\">75%<\/p>\n\t\t\t  <\/div><div class=\"infobox text-center \">\n\t\t\t\t<div class=\"icon\">\n\t\t\t\t\t<i style=\"color:#fdb713;\" class=\"feather icon-clock pe-4x\"><\/i>\n\t\t\t\t<\/div>\n\t\t\t\t<h4 style=\"color:#6b6b6b;\">DUREE<\/h4>\n\t\t\t\t<p style=\"color:#0a0a0a;\">60 minutes<\/p>\n\t\t\t  <\/div>[\/vc_column][\/vc_row][vc_row full_width=&#8221;stretch_row&#8221; css_animation=&#8221;fadeIn&#8221; fullwidth=&#8221;yes&#8221; css=&#8221;.vc_custom_1723385206384{background-color: rgba(61,61,61,0.19) !important;*background-color: rgb(61,61,61) !important;}&#8221;][vc_column][vc_empty_space][vc_custom_heading text=&#8221;Difficult\u00e9 : Familiale&#8221; font_container=&#8221;tag:h4|text_align:center|color:%23333333&#8243; use_theme_fonts=&#8221;yes&#8221;][vc_empty_space][vc_column_text]<\/p>\n<div class=\"forescape\" data-subdomain=\"steam-cournon\" data-type=\"bookings\" data-rooms=\"5b587e6bf6c42535f596f120\"><\/div>\n<p><script>!function(e,t){var r=e.createElement(t),a=e.getElementsByTagName(t)[0],n=new Date,s=\"\"+n.getFullYear()+(\"0\"+(n.getMonth()+1)).slice(-2)+(\"0\"+n.getDate()).slice(-2);r.defer=1,r.src=\"https:\/\/steam-cournon.4escape.io\/public\/js\/iframe.min.js?v=\"+s,a.parentNode.insertBefore(r,a)}(document,\"script\");<\/script>[\/vc_column_text][vc_empty_space][\/vc_column][\/vc_row]<\/p>\n","protected":false},"excerpt":{"rendered":"<p>[vc_row full_width=&#8221;stretch_row&#8221; css_animation=&#8221;fadeIn&#8221; fullwidth=&#8221;yes&#8221; css=&#8221;.vc_custom_1723385185637{background-color: rgba(255,255,255,0.79) !important;*background-color: rgb(255,255,255) !important;}&#8221;][vc_column width=&#8221;1\/3&#8243;][vc_empty_space][vc_custom_heading text=&#8221;GALERIE&#8221; font_container=&#8221;tag:h3|text_align:center|color:%23fdb713&#8243; use_theme_fonts=&#8221;yes&#8221;][\/vc_column][vc_column width=&#8221;1\/3&#8243;][vc_empty_space][vc_custom_heading text=&#8221;VOTRE MISSION&#8221; font_container=&#8221;tag:h3|text_align:center|color:%23fdb713&#8243; use_theme_fonts=&#8221;yes&#8221;][vc_column_text] Un artefact magique est sur le point d\u2019\u00eatre d\u00e9rob\u00e9 par nos concurrents mal\u00e9fiques ! Votre \u00e9quipe doit intervenir rapidement pour emp\u00eacher ce d\u00e9sastre ! Nous vous envoyons en 1696, dans le sombre village de Salem, o\u00f9 une [&hellip;]<\/p>\n","protected":false},"author":1,"featured_media":0,"parent":0,"menu_order":0,"comment_status":"closed","ping_status":"closed","template":"","meta":{"footnotes":""},"class_list":["post-1230","page","type-page","status-publish","hentry"],"_links":{"self":[{"href":"https:\/\/steamescape.fr\/clermont\/index.php\/wp-json\/wp\/v2\/pages\/1230","targetHints":{"allow":["GET"]}}],"collection":[{"href":"https:\/\/steamescape.fr\/clermont\/index.php\/wp-json\/wp\/v2\/pages"}],"about":[{"href":"https:\/\/steamescape.fr\/clermont\/index.php\/wp-json\/wp\/v2\/types\/page"}],"author":[{"embeddable":true,"href":"https:\/\/steamescape.fr\/clermont\/index.php\/wp-json\/wp\/v2\/users\/1"}],"replies":[{"embeddable":true,"href":"https:\/\/steamescape.fr\/clermont\/index.php\/wp-json\/wp\/v2\/comments?post=1230"}],"version-history":[{"count":4,"href":"https:\/\/steamescape.fr\/clermont\/index.php\/wp-json\/wp\/v2\/pages\/1230\/revisions"}],"predecessor-version":[{"id":1321,"href":"https:\/\/steamescape.fr\/clermont\/index.php\/wp-json\/wp\/v2\/pages\/1230\/revisions\/1321"}],"wp:attachment":[{"href":"https:\/\/steamescape.fr\/clermont\/index.php\/wp-json\/wp\/v2\/media?parent=1230"}],"curies":[{"name":"wp","href":"https:\/\/api.w.org\/{rel}","templated":true}]}}