{"id":1188,"date":"2024-08-11T15:46:29","date_gmt":"2024-08-11T13:46:29","guid":{"rendered":"https:\/\/steamescape.fr\/clermont\/?page_id=1188"},"modified":"2025-03-12T17:35:54","modified_gmt":"2025-03-12T16:35:54","slug":"le-mysterieux-talisman-maya","status":"publish","type":"page","link":"https:\/\/steamescape.fr\/clermont\/index.php\/le-mysterieux-talisman-maya\/","title":{"rendered":"Le Myst\u00e9rieux Talisman Maya"},"content":{"rendered":"<p>[vc_row full_width=&#8221;stretch_row&#8221; css_animation=&#8221;fadeIn&#8221; fullwidth=&#8221;yes&#8221; css=&#8221;.vc_custom_1723385185637{background-color: rgba(255,255,255,0.79) !important;*background-color: rgb(255,255,255) !important;}&#8221;][vc_column width=&#8221;1\/3&#8243;][vc_empty_space][vc_custom_heading text=&#8221;GALERIE&#8221; font_container=&#8221;tag:h3|text_align:center|color:%23fdb713&#8243; use_theme_fonts=&#8221;yes&#8221;]<div class=\"infobox text-center \">\n\t\t\t\t<div class=\"icon_bg\" style=\"background-color:rgba(255,255,255,0.01)\">\n\t\t\t\t\t<i style=\"color:#fdb713;\" class=\"pe-7s-users pe-4x\"><\/i>\n\t\t\t\t<\/div>\n\t\t\t\t<h3 style=\"color:#2b2e34;\">JOUEURS<\/h3>\n\t\t\t\t<p style=\"color:#282828;\">4 \u00e0 7<\/p>\n\t\t\t  <\/div>[\/vc_column][vc_column width=&#8221;1\/3&#8243;][vc_empty_space][vc_custom_heading text=&#8221;VOTRE MISSION&#8221; font_container=&#8221;tag:h3|text_align:center|color:%23fdb713&#8243; use_theme_fonts=&#8221;yes&#8221;][vc_column_text]<\/p>\n<p style=\"text-align: center;\"><strong>D\u00e9couvrez notre aventure la plus immersive !\u00a0<\/strong><\/p>\n<p>Notre agent, charg\u00e9 de prot\u00e9ger un temple Maya d\u2019un importance cruciale, a disparu sans laisser de trace. Nos concurrents mal\u00e9fiques, Had\u00e8s Corp, semblent d\u00e9termin\u00e9s \u00e0 mettre la main sur le myst\u00e9rieux talisman Maya, un artefact l\u00e9gendaire capable de cr\u00e9er les mythiques Cit\u00e9s d\u2019Or.<\/p>\n<p>Pour emp\u00eacher cette catastrophe, nous devons agir vite. Nous invitons votre \u00e9quipe d\u2019\u00e9lite pour un voyage temporel extraordinaire en 1512, pr\u00e8s de Teotihuac\u00e1n. Votre mission : retrouver le talisman avant qu\u2019il ne tombe entre les mains d\u2019Had\u00e8s Corp. Pr\u00e9parez-vous \u00e0 explorer un site aussi magnifique que dangereux, rempli d\u2019\u00e9nigmes et de pi\u00e8ges anciens.<\/p>\n<p>Le temps presse : selon nos sources, le temple s\u2019\u00e9croulera 60 minutes apr\u00e8s votre intrusion ou d\u00e8s que vous aurez le talisman en votre possession. Parviendrez-vous \u00e0 revenir \u00e0 temps ?<\/p>\n<p>Mission accessible \u00e0 tous d\u00e8s 12 ans. [- de 16 ans obligatoirement accompagn\u00e9s d\u2019au moins 1 adulte]\u201d[\/vc_column_text][vc_empty_space height=&#8221;20px&#8221;][\/vc_column][vc_column width=&#8221;1\/3&#8243;][vc_empty_space]<div class=\"infobox text-center \">\n\t\t\t\t<div class=\"icon\">\n\t\t\t\t\t<i style=\"color:#fdb713;\" class=\"pe-7s-gym pe-4x\"><\/i>\n\t\t\t\t<\/div>\n\t\t\t\t<h4 style=\"color:#6b6b6b;\">DIFFICULT\u00c9<\/h4>\n\t\t\t\t<p style=\"color:#0a0a0a;\">Interm\u00e9diaire ou Confirm\u00e9<\/p>\n\t\t\t  <\/div><div class=\"infobox text-center \">\n\t\t\t\t<div class=\"icon\">\n\t\t\t\t\t<i style=\"color:#fdb713;\" class=\"feather icon-percent pe-4x\"><\/i>\n\t\t\t\t<\/div>\n\t\t\t\t<h4 style=\"color:#6b6b6b;\">REUSSITE<\/h4>\n\t\t\t\t<p style=\"color:#0a0a0a;\">45%<\/p>\n\t\t\t  <\/div><div class=\"infobox text-center \">\n\t\t\t\t<div class=\"icon\">\n\t\t\t\t\t<i style=\"color:#fdb713;\" class=\"feather icon-clock pe-4x\"><\/i>\n\t\t\t\t<\/div>\n\t\t\t\t<h4 style=\"color:#6b6b6b;\">DUREE<\/h4>\n\t\t\t\t<p style=\"color:#0a0a0a;\">60 minutes<\/p>\n\t\t\t  <\/div>[\/vc_column][\/vc_row][vc_row full_width=&#8221;stretch_row&#8221; css_animation=&#8221;fadeIn&#8221; fullwidth=&#8221;yes&#8221; css=&#8221;.vc_custom_1723385206384{background-color: rgba(61,61,61,0.19) !important;*background-color: rgb(61,61,61) !important;}&#8221;][vc_column][vc_empty_space][vc_custom_heading text=&#8221;Difficult\u00e9 : Interm\u00e9diaire&#8221; font_container=&#8221;tag:h4|text_align:center|color:%23333333&#8243; use_theme_fonts=&#8221;yes&#8221;][vc_empty_space][vc_column_text]<\/p>\n<div class=\"forescape\" data-subdomain=\"steam-cournon\" data-type=\"bookings\" data-rooms=\"6307c2c1ec2f3722b3aacfea\"><\/div>\n<p><script>!function(e,t){var r=e.createElement(t),a=e.getElementsByTagName(t)[0],n=new Date,s=\"\"+n.getFullYear()+(\"0\"+(n.getMonth()+1)).slice(-2)+(\"0\"+n.getDate()).slice(-2);r.defer=1,r.src=\"https:\/\/steam-cournon.4escape.io\/public\/js\/iframe.min.js?v=\"+s,a.parentNode.insertBefore(r,a)}(document,\"script\");<\/script>[\/vc_column_text][vc_empty_space][vc_custom_heading text=&#8221;Difficult\u00e9 : Confirm\u00e9&#8221; font_container=&#8221;tag:h4|text_align:center|color:%23333333&#8243; use_theme_fonts=&#8221;yes&#8221;][vc_empty_space][vc_column_text]<\/p>\n<div class=\"forescape\" data-subdomain=\"steam-cournon\" data-type=\"bookings\" data-rooms=\"6307c710ec2f3722b3aad760\"><\/div>\n<p><script>!function(e,t){var r=e.createElement(t),a=e.getElementsByTagName(t)[0],n=new Date,s=\"\"+n.getFullYear()+(\"0\"+(n.getMonth()+1)).slice(-2)+(\"0\"+n.getDate()).slice(-2);r.defer=1,r.src=\"https:\/\/steam-cournon.4escape.io\/public\/js\/iframe.min.js?v=\"+s,a.parentNode.insertBefore(r,a)}(document,\"script\");<\/script>[\/vc_column_text][vc_empty_space][\/vc_column][\/vc_row]<\/p>\n","protected":false},"excerpt":{"rendered":"<p>[vc_row full_width=&#8221;stretch_row&#8221; css_animation=&#8221;fadeIn&#8221; fullwidth=&#8221;yes&#8221; css=&#8221;.vc_custom_1723385185637{background-color: rgba(255,255,255,0.79) !important;*background-color: rgb(255,255,255) !important;}&#8221;][vc_column width=&#8221;1\/3&#8243;][vc_empty_space][vc_custom_heading text=&#8221;GALERIE&#8221; font_container=&#8221;tag:h3|text_align:center|color:%23fdb713&#8243; use_theme_fonts=&#8221;yes&#8221;][\/vc_column][vc_column width=&#8221;1\/3&#8243;][vc_empty_space][vc_custom_heading text=&#8221;VOTRE MISSION&#8221; font_container=&#8221;tag:h3|text_align:center|color:%23fdb713&#8243; use_theme_fonts=&#8221;yes&#8221;][vc_column_text] D\u00e9couvrez notre aventure la plus immersive !\u00a0 Notre agent, charg\u00e9 de prot\u00e9ger un temple Maya d\u2019un importance cruciale, a disparu sans laisser de trace. Nos concurrents mal\u00e9fiques, Had\u00e8s Corp, semblent d\u00e9termin\u00e9s \u00e0 mettre la main sur le [&hellip;]<\/p>\n","protected":false},"author":1,"featured_media":0,"parent":0,"menu_order":0,"comment_status":"closed","ping_status":"closed","template":"","meta":{"footnotes":""},"class_list":["post-1188","page","type-page","status-publish","hentry"],"_links":{"self":[{"href":"https:\/\/steamescape.fr\/clermont\/index.php\/wp-json\/wp\/v2\/pages\/1188","targetHints":{"allow":["GET"]}}],"collection":[{"href":"https:\/\/steamescape.fr\/clermont\/index.php\/wp-json\/wp\/v2\/pages"}],"about":[{"href":"https:\/\/steamescape.fr\/clermont\/index.php\/wp-json\/wp\/v2\/types\/page"}],"author":[{"embeddable":true,"href":"https:\/\/steamescape.fr\/clermont\/index.php\/wp-json\/wp\/v2\/users\/1"}],"replies":[{"embeddable":true,"href":"https:\/\/steamescape.fr\/clermont\/index.php\/wp-json\/wp\/v2\/comments?post=1188"}],"version-history":[{"count":13,"href":"https:\/\/steamescape.fr\/clermont\/index.php\/wp-json\/wp\/v2\/pages\/1188\/revisions"}],"predecessor-version":[{"id":1324,"href":"https:\/\/steamescape.fr\/clermont\/index.php\/wp-json\/wp\/v2\/pages\/1188\/revisions\/1324"}],"wp:attachment":[{"href":"https:\/\/steamescape.fr\/clermont\/index.php\/wp-json\/wp\/v2\/media?parent=1188"}],"curies":[{"name":"wp","href":"https:\/\/api.w.org\/{rel}","templated":true}]}}